he units digit of 421494?
4
What is the ten thousands digit of 12957?
1
What is the hundreds digit of 250367?
3
What is the thousands digit of 367081?
7
What is the ten thousands digit of 15806358?
0
What is the hundred thousands digit of 6462133?
4
What is the hundreds digit of 167845?
8
What is the millions digit of 4549695?
4
What is the tens digit of 5686?
8
What is the ten thousands digit of 345892?
4
What is the ten thousands digit of 3003920?
0
What is the units digit of 1065983?
3
What is the hundred thousands digit of 394092?
3
What is the hundreds digit of 7666190?
1
What is the units digit of 3784114?
4
What is the hundreds digit of 9350?
3
What is the millions digit of 7087926?
7
What is the thousands digit of 5569862?
9
What is the hundreds digit of 10853626?
6
What is the hundreds digit of 1092661?
6
What is the hundred thousands digit of 1715988?
7
What is the units digit of 30777041?
1
What is the thousands digit of 492374?
2
What is the thousands digit of 463832?
3
What is the millions digit of 12344329?
2
What is the units digit of 189642?
2
What is the hundred thousands digit of 4322089?
3
What is the hundred thousands digit of 5049470?
0
What is the thousands digit of 32315?
2
What is the tens digit of 590464?
6
What is the units digit of 1122720?
0
What is the units digit of 52621?
1
What is the hundreds digit of 199727?
7
What is the tens digit of 172264?
6
What is the ten thousands digit of 454277?
5
What is the thousands digit of 53098?
3
What is the millions digit of 3361499?
3
What is the units digit of 4963389?
9
What is the units digit of 100154?
4
What is the hundreds digit of 114775?
7
What is the hundred thousands digit of 532176?
5
What is the hundreds digit of 398154?
1
What is the millions digit of 6333406?
6
What is the thousands digit of 960727?
0
What is the tens digit of 1377316?
1
What is the millions digit of 2640003?
2
What is the tens digit of 1793372?
7
What is the hundreds digit of 13250213?
2
What is the units digit of 9448594?
4
What is the hundred thousands digit of 635889?
6
What is the thousands digit of 116364?
6
What is the tens digit of 873254?
5
What is the thousands digit of 1509236?
9
What is the hundreds digit of 194877?
8
What is the hundred thousands digit of 12043732?
0
What is the hundred thousands digit of 26482899?
4
What is the tens digit of 67254?
5
What is the ten thousands digit of 2458206?
5
What is the hundreds digit of 619751?
7
What is the units digit of 16402?
2
What is the thousands digit of 61240?
1
What is the thousands digit of 1209697?
9
What is the tens digit of 708661?
6
What is the tens digit of 2370469?
6
What is the units digit of 94055?
5
What is the tens digit of 3370027?
2
What is the tens digit of 261627?
2
What is the hundred thousands digit of 262221?
2
What is the hundred thousands digit of 257577?
2
What is the ten thousands digit of 572560?
7
What is the hundreds digit of 13354008?
0
What is the hundred thousands digit of 14505561?
5
What is the hundred thousands digit of 827441?
8
What is the thousands digit of 364012?
4
What is the tens digit of 660615?
1
What is the thousands digit of 18216732?
6
What is the units digit of 9187319?
9
What is the tens digit of 4464531?
3
What is the hundred thousands digit of 1994788?
9
What is the ten thousands digit of 1918490?
1
What is the tens digit of 224557?
5
What is the thousands digit of 1657611?
7
What is the tens digit of 80997?
9
What is the thousands digit of 11203746?
3
What is the units digit of 27979137?
7
What is the hundreds digit of 55512?
5
What is the hundreds digit of 504586?
5
What is the hundreds digit of 1359360?
3
What is the hundreds digit of 1461881?
8
What is the hundreds digit of 39823?
8
What is the millions digit of 1431361?
1
What is the hundred thousands digit of 499642?
4
What is the thousands digit of 4479714?
9
What is the hundreds digit of 932526?
5
What is the thousands digit of 128071?
8
What is the tens digit of 1117541?
4
What is the units digit of 3287674?
4
What is the hundreds digit of 2747948?
9
What is the units digit of 28915707?
7
What is the ten thousands digit of 230915?
3
What is the hundred thousands digit of 16686272?
6
What is the hundred thousands digit of 325978?
3
What is the thousands digit of 638715?
8
What is the hundreds digit of 7474121?
1
What is the ten thousands digit of 16445171?
4
What is the thousands digit of 530013?
0
What is the hundreds digit of 1638189?
1
What is the hundred thousands digit of 223222?
2
What is the units digit of 264701?
1
What is the hundred thousands digit of 27315771?
3
What is the units digit of 1593989?
9
What is the millions digit of 19902026?
9
What is the hundreds digit of 1945771?
7
What is the hundreds digit of 869318?
3
What is the units digit of 5928271?
1
What is the hundreds digit of 649612?
6
What is the hundred thousands digit of 3736884?
7
What is the tens digit of 49366?
6
What is the tens digit of 2717504?
0
What is the hundreds digit of 1412129?
1
What is the thousands digit of 371823?
1
What is the thousands digit of 305604?
5
What is the tens digit of 15881157?
5
What is the ten thousands digit of 213076?
1
What is the hundreds digit of 3169092?
0
What is the hundred thousands digit of 180525?
1
What is the hundreds digit of 512919?
9
What is the hundreds digit of 1000702?
7
What is the hundred thousands digit of 5971330?
9
What is the units digit of 10894079?
9
What is the units digit of 1477305?
5
What is the units digit of 756204?
4
What is the tens digit of 1021425?
2
What is the ten thousands digit of 22006942?
0
What is the units digit of 12358812?
2
What is the tens digit of 14074035?
3
What is the hundreds digit of 203985?
9
What is the units digit of 281876?
6
What is the thousands digit of 275572?
5
What is the ten thousands digit of 2347824?
4
What is the units digit of 15669762?
2
What is the ten thousands digit of 495928?
9
What is the hundreds digit of 11806861?
8
What is the hundreds digit of 1505176?
1
What is the units digit of 636394?
4
What is the units digit of 426096?
6
What is the hundred thousands digit of 1407968?
4
What is the ten thousands digit of 6955050?
5
What is the hundred thousands digit of 966651?
9
What is the ten thousands digit of 146925?
4
What is the tens digit of 12595640?
4
What is the hundreds digit of 215623?
6
What is the ten thousands digit of 31185777?
8
What is the units digit of 17705?
5
What is the ten thousands digit of 173407?
7
What is the thousands digit of 1243972?
3
What is the hundred thousands digit of 949115?
9
What is the units digit of 26957348?
8
What is the ten millions digit of 10750029?
1
What is the ten thousands digit of 97197?
9
What is the tens digit of 2175999?
9
What is the units digit of 7185245?
5
What is the hundred thousands digit of 7992096?
9
What is the tens digit of 5110406?
0
What is the thousands digit of 9116842?
6
What is the hundreds digit of 197408?
4
What is the hundred thousands digit of 231901?
2
What is the hundred thousands digit of 5376018?
3
What is the hundreds digit of 1856205?
2
What is the hundreds digit of 648173?
1
What is the tens digit of 21329758?
5
What is the thousands digit of 980171?
0
What is the ten thousands digit of 7339979?
3
What is the ten thousands digit of 2282485?
8
What is the thousands digit of 229379?
9
What is the tens digit of 2513313?
1
What is the thousands digit of 2765843?
5
What is the ten thousands digit of 371524?
7
What is the units digit of 385045?
5
What is the ten thousands digit of 388631?
8
What is the hundred thousands digit of 140076?
1
What is the units digit of 2007408?
8
What is the hundreds digit of 1150197?
1
What is the hundreds digit of 33073?
0
What is the units digit of 4236043?
3
What is the hundreds digit of 2673041?
0
What is the tens digit of 484517?
1
What is the tens digit of 587911?
1
What is the units digit of 17045?
5
What is the thousands digit of 182674?
2
What is the thousands digit of 13825267?
5
What is the units digit of 305949?
9
What is the hundred thousands digit of 439700?
4
What is the tens digit of 674706?
0
What is the ten thousands digit of 52322?
5
What is the tens digit of 4090514?
1
What is the tens digit of 606429?
2
What is the hundred